se 0 = 3*t - 4*t + 70. Calculate the remainder when 47 is divided by 1780/t + w/(-14).
22
Let m = -13518 + 13739. What is the remainder when 6183 is divided by m?
216
Let z = -7745 - -7772. Suppose 0 = 3*w - 228 + 57. What is the remainder when w is divided by z?
3
Let a(o) = o - 2. Let h(f) = f**2 + 18*f + 47. Let u(x) = -2*a(x) + h(x). Calculate the remainder when 137 is divided by u(-14).
22
Suppose 16 + 59 = 4*j - 61. Calculate the remainder when 1663 is divided by j.
31
Suppose -5*g = 228 - 673. Let u = 123 - 54. Suppose 7*z = 4*z + u. What is the remainder when g is divided by z?
20
Suppose -2*k + 25 = 5*a, 0 = 3*k - k - 5*a + 25. Suppose -3*v + 399 = -k*v. Calculate the remainder when v is divided by 17.
14
Let m = -3822 + 3893. What is the remainder when 1771 is divided by m?
67
Suppose 82*y - 13097 + 3798 - 9069 = 0. Calculate the remainder when y is divided by 59.
47
Let j = -977 + 627. Let b = -275 - j. What is the remainder when 149 is divided by b?
74
Suppose -4*t = -3*r + 5, 0 = 2*r - 3*r + 3*t - 5. Suppose 3*p - r*p + 42 = 2*q, p = 4*q - 111. What is the remainder when 88 is divided by q?
7
Calculate the remainder when 1097 is divided by (-1968)/(-84) + -24 - (2 - (-2206)/(-14)).
12
Suppose -5*s + 0*g + 2465 = -3*g, 0 = -s - 3*g + 475. Suppose -2*r = 3*r - 145. Calculate the remainder when s is divided by r.
26
Let x(c) = c**3 - c**2 - 3*c + 4. Let z be x(2). Let s be 0/z - 72/(-12). Suppose s*y = 562 + 26. Calculate the remainder when y is divided by 20.
18
Suppose 7421 + 28759 = -30*r. What is the remainder when 357 is divided by ((-4)/6)/(67/r)?
9
Let c(b) = -120*b + 14. Let n be c(-1). Let w = -96 + n. Calculate the remainder when 188 is divided by w.
36
Let o(y) be the first derivative of 13*y**2/2 + 5*y - 38. What is the remainder when o(3) is divided by 19?
6
Let h be (1/(21/(-56)))/(3/(-9)). Suppose 0*m = 2*m - 60. Suppose h*x + m = 10*x. Calculate the remainder when 43 is divided by x.
13
What is the remainder when 1620 is divided by -161*-7*230/1127?
10
Let m = 22 + -17. Let v(n) = -n + 10. Let g be v(m). Suppose -3*i - y = -g*y - 279, 3*y = -4*i + 397. Calculate the remainder when i is divided by 33.
31
Let u(r) = r**3 + 18*r**2 - 5*r + 12. Suppose 3*p = -20 - 64. Let v = p + 81. Calculate the remainder when u(-18) is divided by v.
49
Suppose 5*q - m - 135 = 4*m, 0 = 3*m + 3. What is the remainder when (143/44 + -3)*316 is divided by q?
1
Let j(s) = -s**3 + 14*s**2 + 34*s - 29. Let y be j(16). Suppose -y*a - 3*a = -426. What is the remainder when a is divided by 9?
8
Suppose 0 = 4*z - 5*i - 288, 373 = 3*z + 2*z - 3*i. Calculate the remainder when z is divided by 12.
5
Suppose -5*i = -5*v - 140, 0*i = 4*i + v - 102. Let j(a) = -49*a + 4155. Calculate the remainder when j(79) is divided by i.
24
Let a = 9871 + -9116. What is the remainder when a is divided by 731?
24
Let g(s) = -230*s + 2166. What is the remainder when g(-12) is divided by 28?
26
Let t be 362/1 - (-4 - -1). Let o = t + -315. What is the remainder when o is divided by 18?
14
Let v(m) = -m**3 + 33*m**2 - 157*m + 22. Calculate the remainder when 319 is divided by v(27).
5
Let p(a) = -6*a**3 - 60*a**2 - 57*a - 455. What is the remainder when p(-11) is divided by 51?
31
Let d = 55965 + -55956. Suppose 0 = 5*o - o - 456. What is the remainder when o is divided by d?
6
Suppose 1944*l - 1870*l - 5328 = 0. What is the remainder when 527 is divided by l?
23
Let l be (-8)/(-6) + (-64)/3. Let i = l - 44. Calculate the remainder when (-7 + 10)/((-6)/i) is divided by 17.
15
Let t(z) = -20*z - 1. Calculate the remainder when 77/(-14) + 5 + ((-15780)/(-8))/15 is divided by t(-1).
17
Suppose 3*l - l = 4*m + 1854, -4*m + 2801 = 3*l. Suppose 5*x = l - 241. Calculate the remainder when x is divided by 24.
18
Let j(o) = -9*o + 12. Suppose 8*f - 48 = 16. Calculate the remainder when j(0) is divided by f.
4
Suppose -8*m + 6 = -90. Suppose 0 = -11*b + m*b + 2. Calculate the remainder when 71/(-3)*-3 + b is divided by 24.
21
Suppose -1513 = -71*f + 2179. Suppose -2*r + 20 = -16. What is the remainder when f is divided by r?
16
Let y(t) = -227*t - 3120. Calculate the remainder when 524 is divided by y(-14).
2
Suppose 5*u = -4*b - 68, 2*u + 4*b + 18 + 14 = 0. What is the remainder when 64 is divided by (-6)/(u/74) - 2?
29
Suppose f - 24939 = 4*h - 24881, 5*h + 86 = 2*f. Suppose 4*p - 598 = 382. Calculate the remainder when p is divided by f.
11
Suppose 2*s - 12 = 3*h, 10 + 3 = 3*s - 2*h. Suppose -u - 2 = q - 16, 5*q + 42 = s*u. Let v = 14 + u. What is the remainder when 110 is divided by v?
26
Let i be 38*18 + (-12 - (-12 - -5)). Let j = i - 675. Calculate the remainder when 43 is divided by j.
3
Let w(t) = -22*t - 2042. Let r(j) = 2*j**3 - 3*j**2 - 4*j - 1. Let h(x) = 2*x - 1. Let i be h(2). What is the remainder when w(-94) is divided by r(i)?
12
Let l(w) = w**3 + 2*w**2 - w + 9. Suppose 5*z - 4*v - 122 - 24 = 0, 0 = -5*v + 5. Calculate the remainder when z is divided by l(0).
3
Suppose -b = -10*b - 1044. Let v = -20 - b. Suppose 0 = 37*z - 33*z - v. Calculate the remainder when 118 is divided by z.
22
Let c = 273 + -255. Suppose 7*i - 4*i = 12. Calculate the remainder when (-1)/i - (-1773)/36 is divided by c.
13
Let w(l) = 3*l**2 + 4*l + 33. Suppose 3*x = 4*u - 12, u - 5*x = -0*u + 20. Calculate the remainder when w(u) is divided by 4/(-10) - (-124)/10.
9
Let r be 4 - (5 + -2*35). Suppose 4*h + f = r, 24*f - 28*f + 68 = 3*h. Calculate the remainder when 463 is divided by h.
15
Suppose 0 = 2*g - 16 - 12. Let a(w) = -1629*w + 11470. Calculate the remainder when a(7) is divided by g.
11
Suppose 36*q + 28630 = 7138. Let j = q - -620. What is the remainder when 42 is divided by j?
19
Let y = 34 + -35. Let a be (y/3)/1 + (-6611)/(-33). Suppose 5*i = -16 - 4, -3*b + 5*i + a = 0. What is the remainder when b is divided by 16?
12
Let j(o) = o**2 + 25*o - 1194. What is the remainder when j(27) is divided by 10?
0
Let b = -18127 - -18673. What is the remainder when b is divided by 143?
117
Let l = 2670 + -2613. Calculate the remainder when l is divided by 49.
8
Suppose 0 = -4*x - 5*l + 202, -22*l + 25*l - 233 = -5*x. Calculate the remainder when 874 is divided by x.
14
Suppose 6*z = z + 5*j + 55, -9 = -z - j. Suppose 170 = 35*h - 30*h. What is the remainder when h is divided by z?
4
Suppose 0 = -20*t - 36 + 256. Let q = 34 - t. What is the remainder when 68 is divided by q?
22
Suppose -870*w + 868*w + 5*n = -12, 3*w = 5*n + 23. Calculate the remainder when 1335 is divided by w.
4
Let w = 1157 - 879. Calculate the remainder when 852 is divided by w.
18
Let s(g) = g**3 - 8*g**2 + g - 90. Let f be s(9). Suppose 3*t + f = -3, 85 = 4*q + 3*t. What is the remainder when -1*82/(2 - 4) is divided by q?
19
Suppose -4*x - 32 = -104. Let w = 603 + -1753. Let p = -1102 - w. What is the remainder when p is divided by x?
12
Suppose -3*g + 214 = -2*l, -2*g - l - 352 = -7*g. What is the remainder when (1370/20)/((-1)/(-2)) is divided by g?
67
Suppose -28 = -4*v + 4*a, -3*a - 23 = -8. What is the remainder when -24*(2 + v)*(-6 + 5) is divided by 29?
9
Let x(h) = -2*h**3 - h**2 + h - 1. Let l(t) = -t**3 + 11*t**2 - 29*t - 10. Let j(q) = l(q) - x(q). Calculate the remainder when 89 is divided by j(-14).
13
What is the remainder when 458 is divided by -1*((-188)/(-8) + -7)*28/(-2)?
227
Suppose 5*s - 63 = 4*f, 378*s + 4*f = 379*s + 45. Let o(a) = 26*a - 1. What is the remainder when o(3) is divided by s?
23
Let v be (-22 - -19 - (-2)/(-5))*-5. Suppose 97*d + v = 98*d. Calculate the remainder when 271 is divided by d.
16
Let z be (-15)/(48/(-15) - (-1 - 2)). Let f be (-5)/z*-5*0. What is the remainder when -4 - (-56 + (f - 1)) is divided by 14?
11
Suppose -4*x + 250 = -5*z, 4*z + 79 = 11*x - 10*x. Calculate the remainder when 211 is divided by x.
46
Suppose 10 = 5*n, 3*f - 83*n - 11489 = -84*n. What is the remainder when f is divided by 348?
1
Let g be 12/(-9) + (-1)/(-3). Suppose 0 = 15*k + 10 + 5. What is the remainder when 30 is divided by 2/k - 18*g?
14
Suppose -17*h - 11 = -18*h. Suppose 9*q = -h*q + 220. What is the remainder when q is divided by 6?
5
Let i be (416/(-6))/(111/9 - 13). Suppose -10 - i = -j. What is the remainder when j is divided by 17?
12
Let i = -23593 + 25023. Calculate the remai